uppose k*v - 10*v = 290. What is the units digit of v?
8
Suppose -4*b = -0*b - 172. Suppose 0 = -x + 4*z + 76, z + 201 = 4*x - b. What is the units digit of x?
0
Let m be 240/135 - 4/(-18) - -6. What is the units digit of (628/m*4)/(2/1)?
7
Let v(z) be the third derivative of z**6/120 + 11*z**5/60 - 5*z**4/12 + 8*z**3/3 - 13*z**2. Let d be v(-12). What is the tens digit of d/44 - 730/(-22)?
3
Let q be (-485)/(-15) + 2/(-6). Suppose -2*a = -92 - q. What is the tens digit of a?
6
Suppose 3*x + 804 = 3*m, -4*m - 183 = 5*x - 1282. What is the hundreds digit of m?
2
Suppose 0 = -5*m - 1 + 26. Suppose w + 1 = -4*h, w = h - 4*w - m. Suppose -26 = -h*q - q. What is the tens digit of q?
2
Let f(y) = -5*y - 3. Let j be f(2). Let q = 18 + j. Suppose -3*x + q*u + 58 = 0, -3*u + 4 = -2*u. What is the tens digit of x?
2
Let k be 1 + -1 + -3 - (-8 + 7). What is the units digit of -4 + (k + 4 - -70)?
8
Suppose -25822 + 472 = -50*l. What is the hundreds digit of l?
5
Suppose -4*z - 5*z + 18 = 0. Let h(t) = t**3 - 4*t**2 - 2*t - 7. Let y be h(5). Suppose -y = -4*l + z*l. What is the units digit of l?
4
Let d(r) = -335*r - 280. What is the units digit of d(-5)?
5
Let c = 51 + -357. Let h = -75 - c. What is the tens digit of h?
3
Suppose 2 = 2*s, -u - 2 + 0 = -2*s. Suppose u = -4*v - 109 + 537. What is the units digit of v?
7
Suppose 6*i - 180 = 696. Suppose 5*z + 2*t = 351, 0*z - 2*t - i = -2*z. What is the tens digit of z?
7
Suppose 1 - 139 = -3*y. Suppose 5*d - 3*d = y. What is the units digit of d?
3
Let t(l) = -l**3 - 11*l**2 + 13*l + 16. Let x be t(-12). Suppose 0 = 2*o + x, 0*r - 4*r = -3*o - 318. Let c = r - 53. What is the tens digit of c?
2
Let q = 0 - 11. Let s(p) = p**2 + 10*p - 8. Let x be s(q). What is the tens digit of ((0 - x) + -20)*-1?
2
Suppose 20*l - 26*l + 4200 = 0. What is the hundreds digit of l?
7
Let v = 7246 + -2532. What is the tens digit of v?
1
Let i = 79 + -37. Let w = i - 20. What is the tens digit of w?
2
Let q(c) be the second derivative of -c**2 + c**3 + 1/2*c**4 - 1/20*c**5 + 0 - 12*c. What is the tens digit of q(5)?
5
Let o be -11 + ((-64)/4)/4. What is the units digit of (-27)/o - (-20)/(-25)?
1
Suppose -6*c = 584 - 1820. What is the tens digit of c?
0
Let z = -10 + -2. Let t = z - -34. Suppose -23 = -y + 5*u, 2*y = -0*y - 2*u + t. What is the tens digit of y?
1
Suppose 39 = -7*p + 4. Let l(m) = 2*m**2 + 4*m - 12. What is the tens digit of l(p)?
1
Let i be (8 - -8)*(-2)/4. Let x = i + 3. Let m = x - -21. What is the tens digit of m?
1
Suppose -5*r - 130 = -10*r. Let j = -16 + r. Suppose 2 = 4*f - 3*v + j, -f + 21 = 5*v. What is the units digit of f?
1
Let m(z) = -8*z**3 + 3*z**2 + 4*z + 4. Suppose -5*a + 0*u - 2*u = 10, u - 8 = 4*a. What is the tens digit of m(a)?
7
What is the hundreds digit of ((-35)/(-15) + -4)*(-1378 + -5)?
3
Suppose -216*f = -212*f - 2012. What is the tens digit of f?
0
What is the units digit of 3/(30/8540) - 3?
1
Let d be -1*0*(-2)/6. Suppose 2*m - 10 = d, m = -3*q + 142 + 85. Suppose 5*i + 3*j - q = -0*j, 0 = -i + j + 10. What is the tens digit of i?
1
Let t = -106 + 110. Suppose -2*v - t*x = -240, 9*x - 13*x = -8. What is the units digit of v?
6
Let j(n) = -n**3 - 5*n**2 + 6*n + 6. Let a be j(-6). Let y(d) = -2*d - 4 - 5 - a - 3*d. What is the units digit of y(-7)?
0
Suppose -900 - 1120 = -4*n. What is the units digit of n?
5
Let s(x) = -x**3 + 2. Let j = -172 - -166. What is the tens digit of s(j)?
1
Suppose -7801 = -8*h + 8351. What is the thousands digit of h?
2
Suppose -5*z - 11 = 3*c, -5*c = -3*z - 0*z + 7. Suppose 4*l + 84 = 4*d, 4*l - 2*l = -d + 21. What is the units digit of -8*(c + d/12)?
2
Suppose 4*f - 2*f + 8 = 0. Suppose p + p = -4*y + 72, -36 = -2*y - 2*p. What is the tens digit of y/(-12) - 78/f?
1
Let r(q) = 2*q**2 - q + 2. Let x be r(2). Suppose -i + 16 + x = 0. What is the tens digit of i?
2
Let a be (-38)/5 + 22/(-55). Let j be 2/a + 1576/32. Suppose -5*n - j = -3*i - 1, 5*i - 67 = 4*n. What is the units digit of i?
1
Let p = 345 - 248. What is the units digit of p?
7
Suppose -3*u + 71 = -43. Suppose 28 = a + l - 6*l, 2*a - l = u. What is the units digit of a?
8
Let w be (40/12 + -2)*(4 - 1). Suppose -5*x - 4*n + 637 = 0, 127 + 385 = 4*x + w*n. What is the tens digit of x?
2
Suppose -2*y = 4*x - 16, x + y + 4 - 10 = 0. Let c = 2 + x. Suppose 0 = i + c*i - 85. What is the units digit of i?
7
Suppose o + 3138 = 4*o - 2*u, -4184 = -4*o + 4*u. What is the thousands digit of o?
1
Let x = 1 + -5. Let p be 5 - 2/(-4)*x. Suppose 5*b + 18 + 57 = 5*k, -2*b = -p*k + 46. What is the tens digit of k?
1
Let c(u) = -154*u - 381. What is the units digit of c(-26)?
3
Let z be 5*((-36)/20)/(-3). Let w be z - 12/16*4. Suppose w - 112 = -4*i. What is the units digit of i?
8
Suppose 0 = -12*s + 7*s - 10. What is the units digit of (-4 - -63)*s/(-2)?
9
Let b(t) = -t**2 - 8*t - 12. Let q be b(-8). Let l be ((-14)/8 + 1)*q. Suppose -4*r + 0*r = 4*a, 2*a - r = l. What is the units digit of a?
3
Let i(c) = 11 + 3*c**2 - 12 - 14*c - 11 - 21. What is the units digit of i(12)?
1
Let f(r) = r**2 + 9*r + 2. Let k be f(-9). Suppose -5*g - l + 45 = -90, -3*l = k*g - 67. Let t = -7 + g. What is the units digit of t?
9
Let h(k) = -k**3 + 9*k**2 - 3*k - 9. Let o be h(8). Let u = o + -22. What is the units digit of 22 - (-3)/u*-3?
1
What is the hundreds digit of (-30)/(-1)*((-5115)/(-10))/11?
3
Suppose z + 4*z - 4*m - 396 = 0, -3*z = 2*m - 242. Let q = 179 - z. What is the tens digit of q?
9
Let m(g) = -g**3 - 20*g**2 - 83*g - 26. What is the tens digit of m(-19)?
9
Let z(b) = -9*b + 1. Let w be z(1). Let m be 60/w*(-22)/3. Let k = m + -38. What is the units digit of k?
7
Suppose 3*s + 133 = 361. Let v = -11 + -42. Let x = s + v. What is the tens digit of x?
2
Let c be (-5)/15 - 20/(-6). Suppose o - 20 = 3*s + 2, -2*o - c*s = -35. Suppose -2*m + 17 + o = 0. What is the units digit of m?
8
Let r = 138 - 93. Suppose r = 6*f - 129. What is the units digit of f?
9
Let l = 203 + -29. Suppose -47*w - l = -50*w. What is the tens digit of w?
5
Suppose -2*n - 30 = 4*r, 5*r + 0*n - 4*n + 44 = 0. Let z(u) = u**2 + 8*u - 5. Let y be z(r). What is the units digit of (-1)/3*(-40 + y)?
5
Let s(l) = 4*l + 88. What is the units digit of s(27)?
6
Let i = 43 + 568. What is the tens digit of i?
1
Let z(g) be the first derivative of -47*g**4/4 - g + 4. Let p be z(-1). Let b = p + -5. What is the units digit of b?
1
Let i(v) = -9*v - 1. Let z = 48 + -51. What is the units digit of i(z)?
6
Let l = -24 + 761. Let d = -499 + l. What is the units digit of d?
8
Suppose x - 16 = 25. Suppose -40 - x = -d. What is the tens digit of d?
8
Let c = 0 - -5. Suppose -c*a + 5*d - 15 = -205, 0 = -a + 4*d + 32. What is the units digit of a?
0
Let n = -48 + 60. What is the tens digit of 101/4 - 3/n - -1?
2
Suppose 2*v + 2*v = 0, -5*x + 15 = 5*v. What is the units digit of x?
3
What is the thousands digit of 3654 + (420/300)/((-2)/10)?
3
Suppose 0 = -5*y - 108 - 292. Let r = 128 + y. What is the units digit of r?
8
Let g = -76 + 181. Let r = 278 - g. Let f = r + -124. What is the tens digit of f?
4
Suppose -5*j - 20 = 4*r, -3*j + 3 = -r + 15. Let i(x) = 12*x. Let v be i(2). Suppose z + r*z = v. What is the tens digit of z?
2
Suppose 0*h + 3*h - 2*h = 0. Suppose h = 2*o + 3*o + 2*b - 665, 565 = 4*o - 5*b. What is the hundreds digit of o?
1
Let b(k) be the third derivative of -k**4/8 - 4*k**3/3 + 9*k**2. Let o be (-3)/(-12) - (-33)/(-4). What is the units digit of b(o)?
6
What is the thousands digit of (-2*2878/24)/((-9)/54)?
1
Let x = -312 - -705. Suppose -9*u = -156 - x. What is the units digit of u?
1
Let i = 35 - 18. Let h be (1 + (0 - -1))*6/12. Let a = i - h. What is the units digit of a?
6
Let g be (-114)/36 - 2/(-12). Let w(l) = l + 5. Let y be w(g). Suppose 0 = -y*a - a + 108. What is the units digit of a?
6
Suppose 14*s - 8*s = 30. What is the tens digit of (-3 - 334/(-4))*(7 - s)?
6
Let o(x) = x**3 + 5*x**2 + 9*x + 22. Let z be o(-4). Suppose -3*q + 149 = -z*q - 3*d, -3*q + 467 = d. What is the tens digit of q?
5
Suppose j = -j + u - 9, j - 5*u = 0. Let i(v) = v**2 + 5*v + 4. Let b be i(j). What is the units digit of (-9 + 5)/(b/(-26))?
6
Let c(b) = -b**3 + 8*b**2 + 7*b + 7. Let w(m) = -m + 12. Let s be w(4). What is the units digit of c(s)?
3
S